{"id":23,"date":"2014-11-18T19:51:30","date_gmt":"2014-11-18T19:51:30","guid":{"rendered":"http:\/\/lsr-gmbh-wpg.de\/?page_id=23"},"modified":"2026-01-21T23:14:23","modified_gmt":"2026-01-21T23:14:23","slug":"leistungsspektrum","status":"publish","type":"page","link":"https:\/\/www.wpsl-wpg.de\/?page_id=23","title":{"rendered":"Impressum"},"content":{"rendered":"<p><strong>WPSL Treuhand &amp; Revision GmbH<\/strong><br \/>\n<strong>Wirtschaftspr\u00fcfungsgesellschaft<\/strong><\/p>\n<p>Oehmestrasse 4 | 01277 Dresden<\/p>\n<p>Telefon \u00a0 <span style=\"display: inline !important; float: none; background-color: transparent; color: #333333; cursor: text; font-family: Georgia,'Times New Roman','Bitstream Charter',Times,serif; font-size: 16px; font-style: normal; font-variant: normal; font-weight: 400; letter-spacing: normal; line-height: 24px; orphans: 2; text-align: left; text-decoration: none; text-indent: 0px; text-transform: none; -webkit-text-stroke-width: 0px; white-space: normal; word-spacing: 0px;\">+49 (351) 6569 1852<\/span><br \/>\nFax\u00a0\u00a0\u00a0\u00a0\u00a0\u00a0\u00a0\u00a0\u00a0 +49 (351) 6569 1853<br \/>\nE-Mail \u00a0 \u00a0 Info@WPSL-WPG.de<\/p>\n<p>www.WPSL-WPG.de<\/p>\n<p>Gesch\u00e4ftsf\u00fchrung<br \/>\nWP Dr. Heike Liebal<\/p>\n<p>&nbsp;<\/p>\n<p>Die WPSL Treuhand &amp; Revision GmbH Wirtschaftspr\u00fcfungsgesellschaft wurde am 7. M\u00e4rz 2014 von der Wirtschaftspr\u00fcferkammer als Wirtschaftspr\u00fcfungsgesellschaft anerkannt. Die Zulassungen erfolgten in der Bundesrepublik Deutschland nach der Wirtschaftspr\u00fcferordnung (WPO). Die WPSL Treuhand &amp; Revision GmbH Wirtschaftspr\u00fcfungsgesellschaft geh\u00f6rt der Wirtschaftspr\u00fcferkammer des Freistaates Sachsen sowie der Industrie- und Handelskammer Dresden an.<\/p>\n<p>Der Berufsstand der Wirtschaftspr\u00fcfer unterliegt im Wesentlichen folgenden, \u00fcber <a href=\"http:\/\/www.wpk.de\" target=\"_blank\" rel=\"noopener\">www.wpk.de<\/a> bei der Wirtschaftspr\u00fcferkammer zug\u00e4nglichen berufsrechtlichen Regelungen:<br \/>\n&#8211; Wirtschaftspr\u00fcferordnung (WPO),<br \/>\n&#8211; Berufssatzung f\u00fcr Wirtschaftspr\u00fcfer\/vereidigte Buchpr\u00fcfer (BS WP\/vBP),<br \/>\n&#8211; Satzung f\u00fcr Qualit\u00e4tskontrolle,<br \/>\n&#8211; Siegelverordnung,<br \/>\n&#8211; Verordnung \u00fcber die Berufshaftpflichtversicherung der Wirtschaftspr\u00fcfer und vereidigten Buchpr\u00fcfer (WPBHV).<\/p>\n<table cellpadding=\"4\">\n<tbody>\n<tr>\n<td style=\"font-weight: bold;\"><\/td>\n<td><\/td>\n<\/tr>\n<tr>\n<td style=\"font-weight: bold;\">Wirtschaftspr\u00fcferkammer<\/td>\n<td>Registernummer 151170200<\/td>\n<\/tr>\n<tr>\n<td style=\"font-weight: bold;\">Handelsregister Amtsgericht Dresden<\/td>\n<td>Nummer HRB 33074<\/td>\n<\/tr>\n<tr>\n<td style=\"font-weight: bold;\">Industrie- und Handelskammer Dresden<\/td>\n<td>Identifikationsnummer 208169 (H)<\/td>\n<\/tr>\n<tr>\n<td style=\"font-weight: bold;\">Umsatzsteuer-Identifikationsnummer<\/td>\n<td>DE293959057<\/td>\n<\/tr>\n<\/tbody>\n<\/table>\n<p>&nbsp;<\/p>\n<p><strong>Ausschluss der Haftung<\/strong><\/p>\n<p>Der Inhalt des Auftritts im Internet wurde nach bestem Wissen und mit gr\u00f6\u00dfter Sorgfalt erstellt. Es kann dennoch keine Gew\u00e4hr oder Haftung insbesondere f\u00fcr die Vollst\u00e4ndigkeit, die Korrektheit, die Aktualit\u00e4t oder die Qualit\u00e4t der Informationen \u00fcbernommen werden.<\/p>\n<p>Sofern angebotene Hyperlinks von der Internetseite heraus f\u00fchren, k\u00f6nnen wir keine Haftung f\u00fcr verlinkte Inhalte \u00fcbernehmen. F\u00fcr den Inhalt der verlinkten Seiten sind ausschlie\u00dflich die Betreiber dieser Seiten verantwortlich.<\/p>\n<p><strong>Urheberrechtsschutz dieses Webauftritts<\/strong><\/p>\n<p>Der Inhalt und die Struktur des Internetauftritts \/ Webauftritts sind urheberrechtlich gesch\u00fctzt. Die private oder gewerbliche Nutzung sowie die Vervielf\u00e4ltigung der bereitgestellten Inhalte, insbesondere die Verwendung von Bildern, Texten oder Teilen dieser, bedarf der vorherigen schriftlichen Zustimmung der Gesellschaft.<\/p>\n<p><strong>Rechtlicher Hinweis zur Entstehung eines Mandantenverh\u00e4ltnisses<\/strong><\/p>\n<p>Es wird ausdr\u00fccklich darauf hingewiesen, dass durch die Nutzung von Telefon, Fax, E-Mail oder diese Webseite kein Mandantenverh\u00e4ltnis entsteht, au\u00dfer dieses wurde im Einzelfall schriftlich vereinbart und zugesagt. Bis zur schriftlichen Annahme eines Auftrags bzw. Mandats besteht kein Anspruch auf eine Beratung.<\/p>\n","protected":false},"excerpt":{"rendered":"<p>WPSL Treuhand &amp; Revision GmbH Wirtschaftspr\u00fcfungsgesellschaft Oehmestrasse 4 | 01277 Dresden Telefon \u00a0 +49 (351) 6569 1852 Fax\u00a0\u00a0\u00a0\u00a0\u00a0\u00a0\u00a0\u00a0\u00a0 +49 (351) 6569 1853 E-Mail \u00a0 \u00a0 Info@WPSL-WPG.de www.WPSL-WPG.de Gesch\u00e4ftsf\u00fchrung WP Dr. Heike Liebal &nbsp; Die WPSL Treuhand &amp; Revision GmbH Wirtschaftspr\u00fcfungsgesellschaft &hellip; <a class=\"more-link\" href=\"https:\/\/www.wpsl-wpg.de\/?page_id=23\">weiterlesen<\/a><\/p>","protected":false},"author":1,"featured_media":0,"parent":0,"menu_order":0,"comment_status":"closed","ping_status":"closed","template":"pages\/fullwidth.php","meta":{"footnotes":""},"class_list":["post-23","page","type-page","status-publish","hentry"],"_links":{"self":[{"href":"https:\/\/www.wpsl-wpg.de\/index.php?rest_route=\/wp\/v2\/pages\/23","targetHints":{"allow":["GET"]}}],"collection":[{"href":"https:\/\/www.wpsl-wpg.de\/index.php?rest_route=\/wp\/v2\/pages"}],"about":[{"href":"https:\/\/www.wpsl-wpg.de\/index.php?rest_route=\/wp\/v2\/types\/page"}],"author":[{"embeddable":true,"href":"https:\/\/www.wpsl-wpg.de\/index.php?rest_route=\/wp\/v2\/users\/1"}],"replies":[{"embeddable":true,"href":"https:\/\/www.wpsl-wpg.de\/index.php?rest_route=%2Fwp%2Fv2%2Fcomments&post=23"}],"version-history":[{"count":43,"href":"https:\/\/www.wpsl-wpg.de\/index.php?rest_route=\/wp\/v2\/pages\/23\/revisions"}],"predecessor-version":[{"id":372,"href":"https:\/\/www.wpsl-wpg.de\/index.php?rest_route=\/wp\/v2\/pages\/23\/revisions\/372"}],"wp:attachment":[{"href":"https:\/\/www.wpsl-wpg.de\/index.php?rest_route=%2Fwp%2Fv2%2Fmedia&parent=23"}],"curies":[{"name":"wp","href":"https:\/\/api.w.org\/{rel}","templated":true}]}}